/24). Suppose -6*h + 11*h + 925 = 0. Let k = h - p. What is the units digit of k?
3
Let o = -34 - -31. What is the hundreds digit of ((-9)/(-6))/(o/(-9408)*12)?
3
Let u = -473 + 783. Let h(g) = -84*g + 1353. Let s be h(14). Let n = u - s. What is the tens digit of n?
3
Suppose 16*v + 5040 = -12*v. Let d = 337 + v. What is the hundreds digit of d?
1
Let u = 6802 - 1946. What is the hundreds digit of u?
8
What is the tens digit of 2*(-40809)/(-5)*(-4 - 78/(-12))?
0
Suppose 0 = 179*z - 88*z - 902083. What is the hundreds digit of z?
9
Suppose -2*d = 5*u - 47740, -3*d - 95552 = -7*d - u. What is the tens digit of d?
9
Let s(n) = 28*n**2 - 8*n + 38. What is the tens digit of s(2)?
3
Let l(f) = 12*f + 122. Let g be l(-10). Suppose 5*r - a = -0*a + 553, g*a + 6 = 0. What is the units digit of r?
0
Let q be (-950)/(-2) + (-240)/60. Suppose -2*d - 3*s = -6*d + q, -s - 118 = -d. What is the tens digit of d?
1
Let d be (-2)/(-3)*(-27)/(-6). Suppose 0 = -4*p + d*l + 475, -3*p + 585 = 2*p + 5*l. Let k = -89 + p. What is the tens digit of k?
2
Let t(f) = 17*f + 2465. What is the hundreds digit of t(-81)?
0
Let k(t) be the first derivative of -t**4/4 + 7*t**3 + 29*t**2/2 - 18*t - 1. Let q = 4493 + -4471. What is the tens digit of k(q)?
3
Let r(d) = 5*d**2 - 19*d + 4. Let u(t) = 11*t**2 - 38*t + 9. Let n(l) = 13*r(l) - 6*u(l). Let y be n(-19). What is the units digit of (6 + -5)/(y/(-66))?
3
Let g(v) = 271*v**2 - 5*v + 31. What is the thousands digit of g(-10)?
7
Let f(x) = -x**2 + 14*x - 24. Let o be f(12). Suppose -8*s + 7*s + 116 = o. Let l = s + -8. What is the tens digit of l?
0
Let w(y) = 147*y**2 + 30*y - 1. What is the units digit of w(4)?
1
Let z(l) = 4*l**2 + 4*l - 5. Let m be z(1). Suppose -1071 = -m*r + 3*d, 187 = 4*r + 4*d - 1249. What is the tens digit of r?
5
Suppose 11*c = 56 - 12. What is the hundreds digit of c + (-9261)/(-35) - 2/(-5)?
2
Suppose a + 15 = -4*a, -3*m - 3*a + 1068 = 0. Suppose -m = 6*b - 2915. What is the tens digit of b?
2
Let s(a) = 80*a - 1. Let t be s(4). Suppose 398 + t = 3*k. What is the tens digit of k?
3
Let j be 50/(2*1/2). Let m = -825 + 825. Let r = j - m. What is the units digit of r?
0
Suppose -53*b + 54*b + 4*f = 5163, 0 = -5*b - 4*f + 25863. What is the units digit of b?
5
Let h be 2 + 277/11 + 6/(-33). Let b(g) = -4*g + 184. What is the tens digit of b(h)?
7
Suppose -5*h = -3*y + 23 + 3, 22 = 3*y - 4*h. Suppose 0 = 3*t, y*t - 76 + 244 = j. What is the units digit of j?
8
Let h(k) = 6*k**2 - 194*k + 249. What is the units digit of h(67)?
5
What is the thousands digit of 1*-1 - 2670926/(-197)?
3
Let a(l) be the first derivative of -l**3/3 + 4*l**2 - 2*l + 2. Let d be a(8). What is the tens digit of 94 - d*2/(-4)?
9
Let j be (15 - 181) + -4 + 2. Let z = 456 - j. What is the units digit of z?
4
Suppose 15*d - 69 - 96 = 0. Suppose d*p - 16*p = -3765. What is the units digit of p?
3
Let h be 219/((27/12)/3). Let f = -112 + h. Let z = -60 + f. What is the tens digit of z?
2
Let r(t) = t**2 - t + 7. Let m(z) = z**3 - 6*z**2 + z - 13. Let i be m(6). Let j = -7 - i. What is the units digit of r(j)?
7
Let q(d) = -12 - 22 + 7*d + 10. Suppose 27 = 2*m + 5*g, -m + 11 = -2*g + 2. What is the units digit of q(m)?
3
Let w(x) = 2*x**3 - 14*x**2 + x - 7. Suppose 3*r - 5*y + 30 = 5*r, -4*r + 3*y = -34. What is the hundreds digit of w(r)?
6
Let j be (2/(-3))/(4/204). What is the units digit of (-4)/j - (-80300)/935?
6
Let m be 328/(-6 + 14) + 1*-4. Suppose 33*s + 452 = m*s. What is the units digit of s?
3
Suppose 3*j - 5*b = -2*b - 6, -2*j + 20 = 4*b. Suppose j*n - 37 = 5*i - 148, 0 = 3*i - 3*n - 63. What is the units digit of i?
3
Let a(m) = 7642*m + 724. What is the tens digit of a(1)?
6
Let j be (4 - 1 - 3)/(-2). Suppose -2*b = -6, j = -5*w + b + 83 + 5034. What is the units digit of 3/7 + w/28?
7
Let w = 11 + 29. Let s be (-14)/(-56) + (-702)/(-8). Let d = s - w. What is the tens digit of d?
4
Let z = 12022 - -23057. What is the units digit of z?
9
Suppose -46 = 4*f - 27*f. Suppose -5*b = -f*t - 582, -2*t = 4*b - 3*t - 468. What is the tens digit of b?
1
What is the hundreds digit of (-185122350)/(-6825) + 2/(-13)?
1
Let r = -17601 - -44004. What is the thousands digit of r?
6
Let y = -6 + -72. Let l = 84 + y. Suppose l*i + 4 - 22 = 0. What is the units digit of i?
3
Let c be 930/(-45)*6/4. Let l = 63 + c. Let h = 50 + l. What is the tens digit of h?
8
Suppose -20*n - 17*n + 6*n + 104842 = 0. What is the thousands digit of n?
3
What is the tens digit of 32128 - (1/6 + (-93)/18)?
3
Suppose 1082005 = 261*a - 912041 - 109614. What is the tens digit of a?
6
Suppose 193*p - 192*p + k = 5610, -4*p - k + 22440 = 0. What is the thousands digit of p?
5
Let n be -517 + 3*(-2 - -4). Let i = n - -873. What is the hundreds digit of i?
3
Let y = -6831 + 6847. Let q(t) = -46 + 3*t + 0*t + 0*t. What is the units digit of q(y)?
2
Let l = -2963 + 15870. What is the units digit of l?
7
Suppose -2784*y + 2787*y - 164631 = 0. What is the hundreds digit of y?
8
Suppose 0 = -2*t - 4*j + 27340, 54247 = 3*t - 5*j + 13270. What is the thousands digit of t?
3
Suppose -2*g - 1910 + 2236 = 0. Suppose 0 = -3*q + 6*q - 3*d - 861, -20 = 4*d. Let p = q - g. What is the tens digit of p?
1
Let o(h) = 58491*h**3 + 17*h**2 - 17*h + 2. What is the thousands digit of o(1)?
8
Let s(h) = -6*h**3 - 2*h**2 - 5*h + 5. Let r(a) = a - 1. Let o(d) = -5*r(d) - s(d). Let v be o(-1). Let q(c) = -28*c - 17. What is the units digit of q(v)?
5
Let p(q) = 4*q - 34. Let w be p(-5). Let k be 10/(-6) + (-36)/w. What is the tens digit of k + 22 + 2 + 0?
2
Let a(u) = 8*u**3 + 8*u**2 + 13*u + 6. Let z(q) = 18*q**3 + 18*q**2 + 27*q + 11. Let f(m) = 7*a(m) - 3*z(m). What is the units digit of f(6)?
3
What is the units digit of (4884/7)/(28/2352*12)?
4
Suppose 0 = 3*t + 6*c - 25362, 5*c + 21432 + 12462 = 4*t. What is the thousands digit of t?
8
Suppose -2*c + 15 - 5 = 0. What is the units digit of 3262/c - (-2)/(-5)?
2
Let l = -84 - -92. Let c be 3/(-2)*-17*l/12. Let b = 51 - c. What is the tens digit of b?
3
Let c be (-1)/17 + 12834/(-306). Let o(m) = -2*m**2 - 7*m + 2. Let d be o(-6). Let b = d - c. What is the units digit of b?
4
Let z(y) = 882*y**2 + 204*y - 1029. What is the tens digit of z(5)?
4
Let q(p) be the first derivative of 9*p**4/4 + p**3/3 - p**2/2 + 3*p + 5. Let b be q(2). Suppose 17 = -z + b. What is the units digit of z?
0
Let x be (-43)/(-3) + (-21)/63. Suppose -14*n + 11490 = -11*n. What is the tens digit of 18/42 + n/x?
7
Suppose 0 = -5*z + 249 - 24. Suppose -h + 4*d + z = 0, -2*d = h - 60 + 3. Suppose 5 = y, -2*y + h + 10 = v. What is the units digit of v?
3
Suppose f - 5 = -b, -3*f - 2*b + 4*b + 5 = 0. Suppose 11*y - f*x - 1877 = 7*y, -y + 5*x = -448. What is the hundreds digit of y?
4
Suppose 8 = 3*b - 1. Suppose -5*z + z = 4*y + 976, z = b*y - 264. What is the units digit of z/(-2) - 4/(-8)?
5
Suppose 8 = 2*y, -3*y + 62 = -5*b - 5*y. What is the units digit of (-4)/16*b*(-328)/(-14)?
2
Let l(k) = k + 4. Let r be l(0). Let n be r/(-6) + (-100)/(-15). Suppose u = -3*u - h + n, 0 = -2*h + 4. What is the units digit of u?
1
Let r = -11985 - -12884. What is the hundreds digit of r?
8
Let q(h) = -288*h - 7073. What is the ten thousands digit of q(-90)?
1
Let w be ((-14)/4)/((-48)/(-1056)). Suppose -18 + 6 = -2*s. Let c = s - w. What is the units digit of c?
3
Suppose 0 = 2*u - 0*p - 2*p + 10, -4*u - 25 = -5*p. Suppose c - 1034 = 2*n + 183, 4*c + 3*n - 4835 = u. What is the hundreds digit of c?
2
Suppose -11*s = -24*s + 65. Suppose -i + 4*i + 2*w + 12 = 0, -5*i + 2*w - 4 = 0. What is the hundreds digit of (-3)/s + ((-6036)/30)/i?
1
Let p(g) be the first derivative of -5*g**2/2 - 29*g + 2631. Suppose -2*k = 5 + 15. What is the tens digit of p(k)?
2
Suppose -2573 = -4*w - 3*t, 5530 = 5*w - 4*t + 2275. Suppose 3*d - 4*i = 1710, -4*i - 493 = -2*d + w. What is the tens digit of d?
7
Let f = -637 + 641. Suppose 5*z + 0*z = l - 851, -4*l = -f*z - 3356. What is the hundreds digit of l?
8
Suppose 3*g + 23 = 14. Let r = g - -8. Suppose -r*y - l = -434, y = 5*y - 4*l - 328. What is the tens digit of y?
8
Suppose -3*b + 0*q - 5*q + 59506 = 0, -b = -q - 19838. What is the thousands digit of b?
9
Suppose -43*n + 626223 = -176329. What is the ten thousands digit of n?
1
Suppose 855